{"id":97,"date":"2020-02-20T14:43:07","date_gmt":"2020-02-20T14:43:07","guid":{"rendered":"https:\/\/lumteh.md\/?page_id=97"},"modified":"2024-05-30T09:43:08","modified_gmt":"2024-05-30T09:43:08","slug":"contacte","status":"publish","type":"page","link":"https:\/\/lumteh.md\/?page_id=97","title":{"rendered":"Audien\u021b\u0103"},"content":{"rendered":"\t\t<div data-elementor-type=\"wp-page\" data-elementor-id=\"97\" class=\"elementor elementor-97\" data-elementor-post-type=\"page\">\n\t\t\t\t<div class=\"elementor-element elementor-element-b31fd13 e-flex e-con-boxed default-style e-con e-parent\" data-id=\"b31fd13\" data-element_type=\"container\" data-settings=\"{&quot;rt_color_sets&quot;:&quot;default-style&quot;}\">\n\t\t\t\t\t<div class=\"e-con-inner\">\n\t\t\t\t<div class=\"elementor-element elementor-element-1d6dddf elementor-widget elementor-widget-text-editor\" data-id=\"1d6dddf\" data-element_type=\"widget\" data-widget_type=\"text-editor.default\">\n\t\t\t\t<div class=\"elementor-widget-container\">\n\t\t\t<style>\/*! elementor - v3.23.0 - 05-08-2024 *\/\n.elementor-widget-text-editor.elementor-drop-cap-view-stacked .elementor-drop-cap{background-color:#69727d;color:#fff}.elementor-widget-text-editor.elementor-drop-cap-view-framed .elementor-drop-cap{color:#69727d;border:3px solid;background-color:transparent}.elementor-widget-text-editor:not(.elementor-drop-cap-view-default) .elementor-drop-cap{margin-top:8px}.elementor-widget-text-editor:not(.elementor-drop-cap-view-default) .elementor-drop-cap-letter{width:1em;height:1em}.elementor-widget-text-editor .elementor-drop-cap{float:left;text-align:center;line-height:1;font-size:50px}.elementor-widget-text-editor .elementor-drop-cap-letter{display:inline-block}<\/style>\t\t\t\t<p><strong>\u00centreprinderea Municipal\u0103 Re\u0163elele Electrice de Iluminat<\/strong><\/p><p>Chi\u015fin\u0103u, str. S.Lazo 48-A<\/p><p>imrei@lumteh.md<\/p><p><strong>Director &#8211; Veaceslav BU\u021a<\/strong><\/p><p>Tel. 022 22-02-46, Tel. fax. 022 22-63-40<\/p><p>zi de primire, luni \u015fi vineri, \u00eentre orele 11:00-12:00<\/p><p><strong>Inginer- \u015fef &#8211;\u00a0 Vitalie LUNGU<\/strong><\/p><p>tel. 022 22-02-46, 022 22-53-23<\/p><p>zi de primire, mar\u0163i \u015fi mercuri, \u00eentre orele 15:00-17:00<\/p><p><strong>Dispecerat<\/strong>\u00a0&#8211; tel. 022 22-37-70 tel.fax. 022 47-10-01<\/p><p><strong>Dispecerat semafoare<\/strong>\u00a0&#8211; tel. 022 44-35-13<\/p>\t\t\t\t\t\t<\/div>\n\t\t\t\t<\/div>\n\t\t\t\t\t<\/div>\n\t\t\t\t<\/div>\n\t\t\t\t<\/div>\n\t\t","protected":false},"excerpt":{"rendered":"<p>\u00centreprinderea Municipal\u0103 Re\u0163elele Electrice de Iluminat Chi\u015fin\u0103u, str. S.Lazo 48-A imrei@lumteh.md Director &#8211; Veaceslav BU\u021a Tel. 022 22-02-46, Tel. fax. 022 22-63-40 zi de primire, luni \u015fi vineri, \u00eentre orele 11:00-12:00 Inginer- \u015fef &#8211;\u00a0 Vitalie LUNGU tel. 022 22-02-46, 022 22-53-23 zi de primire, mar\u0163i \u015fi mercuri, \u00eentre orele 15:00-17:00 Dispecerat\u00a0&#8211; tel. 022 22-37-70 tel.fax. [&hellip;]<\/p>\n","protected":false},"author":1,"featured_media":0,"parent":0,"menu_order":0,"comment_status":"closed","ping_status":"closed","template":"","meta":{"footnotes":""},"class_list":["post-97","page","type-page","status-publish","hentry"],"_links":{"self":[{"href":"https:\/\/lumteh.md\/index.php?rest_route=\/wp\/v2\/pages\/97","targetHints":{"allow":["GET"]}}],"collection":[{"href":"https:\/\/lumteh.md\/index.php?rest_route=\/wp\/v2\/pages"}],"about":[{"href":"https:\/\/lumteh.md\/index.php?rest_route=\/wp\/v2\/types\/page"}],"author":[{"embeddable":true,"href":"https:\/\/lumteh.md\/index.php?rest_route=\/wp\/v2\/users\/1"}],"replies":[{"embeddable":true,"href":"https:\/\/lumteh.md\/index.php?rest_route=%2Fwp%2Fv2%2Fcomments&post=97"}],"version-history":[{"count":26,"href":"https:\/\/lumteh.md\/index.php?rest_route=\/wp\/v2\/pages\/97\/revisions"}],"predecessor-version":[{"id":6692,"href":"https:\/\/lumteh.md\/index.php?rest_route=\/wp\/v2\/pages\/97\/revisions\/6692"}],"wp:attachment":[{"href":"https:\/\/lumteh.md\/index.php?rest_route=%2Fwp%2Fv2%2Fmedia&parent=97"}],"curies":[{"name":"wp","href":"https:\/\/api.w.org\/{rel}","templated":true}]}}